In base 11, what is 344101 - 1?
344100
In base 9, what is -6728 + 5?
-6723
In base 10, what is -10818 - 74?
-10892
In base 9, what is -1000 - -282?
-607
In base 16, what is 41e3c + -8?
41e34
In base 12, what is 193a + -4a5?
1455
In base 6, what is 3131 + 12032?
15203
In base 3, what is -11002 + 1012122202?
1012111200
In base 3, what is 101221 + -1122?
100022
In base 2, what is 1100010001 - -1100100101101?
1110000111110
In base 11, what is 1 - -276918?
276919
In base 8, what is 146653 + -3?
146650
In base 11, what is 7240 + -3?
7238
In base 10, what is 9 + 506?
515
In base 14, what is -12 + 35b6a?
35b58
In base 13, what is -1198 - -b?
-118a
In base 2, what is -1011111 - 10010101110111?
-10010111010110
In base 3, what is -12 + -10000011010?
-10000011022
In base 4, what is 23212030 + -1?
23212023
In base 7, what is 1142244 - 1?
1142243
In base 8, what is -6 + 725?
717
In base 10, what is 1 - -148058?
148059
In base 3, what is 120001 - -1010?
121011
In base 2, what is -11000010010110101100 + 1?
-11000010010110101011
In base 8, what is -33620111 + 0?
-33620111
In base 9, what is -653 + -7?
-661
In base 6, what is -1521 + -2552?
-4513
In base 16, what is -16 - 34e?
-364
In base 8, what is 633661 - 5?
633654
In base 3, what is -1001220211010 + 2?
-1001220211001
In base 7, what is -125 + 24300?
24142
In base 14, what is -2 - -10ad5?
10ad3
In base 12, what is -5 - b62?
-b67
In base 7, what is -341 - 14363?
-15034
In base 10, what is -1542 + -272?
-1814
In base 13, what is a + -70c1?
-70b4
In base 15, what is -6 - c80?
-c86
In base 12, what is 1ba82 - 22?
1ba60
In base 2, what is -10001001000100001011 - -100?
-10001001000100000111
In base 14, what is -d - -8c5?
8b6
In base 9, what is 3 + -586151?
-586147
In base 14, what is -4b8281 - -2?
-4b827d
In base 14, what is 121960 - -3?
121963
In base 9, what is -104 + -863?
-1067
In base 15, what is 32b7d - -2?
32b80
In base 6, what is 24 + 13224?
13252
In base 2, what is 10001100100101001 + -101?
10001100100100100
In base 15, what is -29e1 - 64?
-2a55
In base 10, what is -25113 + 17?
-25096
In base 13, what is 8 + -30888?
-30880
In base 4, what is -1 - 1100113?
-1100120
In base 3, what is -10 - -10002001?
10001221
In base 3, what is -2101012 - 22112?
-2200201
In base 14, what is -1 + -3759?
-375a
In base 6, what is 1311023 - 0?
1311023
In base 15, what is -ab - 2cc?
-388
In base 13, what is 119c4 - -11?
11a05
In base 8, what is -137 - -442?
303
In base 13, what is 467 + bbc?
1356
In base 5, what is -41 - -1044?
1003
In base 4, what is 3212301003 + 20?
3212301023
In base 2, what is 1001101010 - 10101?
1001010101
In base 14, what is -13 + -7b5a?
-7b6d
In base 4, what is -102 - -31122?
31020
In base 14, what is d88953 - 5?
d8894c
In base 6, what is -155033 + 33?
-155000
In base 3, what is -11 + 2011020122100?
2011020122012
In base 3, what is 12122121 - -11?
12122202
In base 14, what is 5d + -118?
-99
In base 14, what is -1 + 392b?
392a
In base 7, what is 42 - 434?
-362
In base 7, what is -41001 + 3?
-40665
In base 7, what is -116334 - -25?
-116306
In base 15, what is -1 + -b9b6?
-b9b7
In base 12, what is -a83 - 28?
-aab
In base 14, what is 2b + -930?
-903
In base 15, what is -38 - 12c9?
-1312
In base 4, what is 21 + 100030?
100111
In base 4, what is -131 + 21110110?
21103313
In base 15, what is -3b858 + 3?
-3b855
In base 4, what is -131002202 + 2?
-131002200
In base 8, what is 117 - 154?
-35
In base 3, what is -2002 + 2212?
210
In base 7, what is -256 + -136?
-425
In base 13, what is 43 - -39c3?
3a36
In base 15, what is b - 929?
-91d
In base 7, what is 1102 - -4451?
5553
In base 5, what is 12 - -4441013?
4441030
In base 6, what is -1110041 + 5?
-1110032
In base 2, what is 0 + 1000010010000?
1000010010000
In base 5, what is -1 - -10424?
10423
In base 12, what is 3 - 874a7?
-874a4
In base 3, what is -10 - -12102202120?
12102202110
In base 4, what is -3001200 - 1203?
-3003003
In base 16, what is -1d5610 + 3?
-1d560d
In base 11, what is -71 - -248?
187
In base 3, what is 12 - 102002001?
-102001212
In base 15, what is -11e4b - -4?
-11e47
In base 10, what is -25 + 1158?
1133
In base 5, what is 1114 + -222?
342
In base 14, what is 91 - 731?
-680
In base 3, what is -2022002 - 21?
-2022100
In base 13, what is 172 + -352?
-1b0
In base 12, what is aa1b17 + -2?
aa1b15
In base 4, what is 221310221111 + 11?
221310221122
In base 10, what is 21618 + 4?
21622
In base 7, what is -1 - 111304?
-111305
In base 10, what is 3342 + -1238?
2104
In base 11, what is 0 + 61171?
61171
In base 11, what is 3a2a - -1?
3a30
In base 14, what is -4 - 6623?
-6627
In base 12, what is -11a956 + -4?
-11a95a
In base 4, what is -1130131333 - -12?
-1130131321
In base 14, what is 6 + 149b?
14a3
In base 16, what is -9 + -852?
-85b
In base 15, what is -d - 13c?
-14a
In base 5, what is 3 - -334021?
334024
In base 6, what is -101 - -550?
445
In base 6, what is -2401 - -11014?
4213
In base 4, what is -102032323101 + -3?
-102032323110
In base 14, what is 4 + -358bc?
-358b8
In base 7, what is 4 - -1510341?
1510345
In base 16, what is 0 + 103c?
103c
In base 7, what is 236521 + 0?
236521
In base 4, what is 10310 - 1020022?
-1003112
In base 6, what is 30 + 1525?
1555
In base 7, what is 41321 - -10?
41331
In base 11, what is 9 - 452?
-444
In base 7, what is -46 + 11316?
11240
In base 9, what is 5 + 4272?
4277
In base 9, what is 3 - -214655?
214658
In base 7, what is 33 - -414?
450
In base 2, what is -10 + -1001011001100?
-1001011001110
In base 13, what is -5 + 5b19?
5b14
In base 12, what is 2a0a2 - -1?
2a0a3
In base 2, what is -111000 + -101110111101100?
-101111000100100
In base 10, what is -1309 - 1844?
-3153
In base 13, what is 10 + -4153?
-4143
In base 2, what is -11110001 + -1001101101?
-1101011110
In base 14, what is 4 - -ab83?
ab87
In base 10, what is -774 + -778?
-1552
In base 2, what is -10 + 11110100101010?
11110100101000
In base 3, what is 212 + -21020022100?
-21020021111
In base 9, what is 301 - 38?
252
In base 2, what is 100010 + -1000010100011?
-1000010000001
In base 5, what is 1 - 112010?
-112004
In base 15, what is 151ca - 7?
151c3
In base 7, what is 114534 - 0?
114534
In base 4, what is 3123 - -30231?
100020
In base 11, what is -211a + -9?
-2128
In base 5, what is 2 - -12044221?
12044223
In base 16, what is 13 - -5ebc?
5ecf
In base 14, what is 19 + 745?
760
In base 14, what is 75 + bb?
152
In base 10, what is 230881 + -4?
230877
In base 10, what is -1373414 - 1?
-1373415
In base 5, what is -1302 + 11414?
10112
In base 10, what is 26 + -41458?
-41432
In base 13, what is -14b + -524?
-672
In base 14, what is -93b36 - -4?
-93b32
In base 14, what is -3d943 - 4?
-3d947
In base 2, what is -1110111011010010101 + -10?
-1110111011010010111
In base 10, what is -39407 - -3?
-39404
In base 5, what is -1333 + -10342?
-12230
In base 9, what is 42371 - 2?
42368
In base 8, what is -44453 - -16?
-44435
In base 9, what is -42 + -1123?
-1165
In base 2, what is -110001000001000110 + -1?
-110001000001000111
In base 14, what is 37b5 + -2?
37b3
In base 9, what is -5 - -126637?
126632
In base 12, what is -206a8 + 7?
-206a1
In base 10, what is 15162 - -58?
15220
In base 14, what is 5 + -2165?
-2160
In base 5, what is 131 - -34344?
40030
In base 2, what is 100 + 111111110001?
111111110101
In base 6, what is 1145 - 120?
1025
In base 9, what is 114084 + 3?
114087
In base 6, what is -5135 + -44?
-5223
In base 5, what is 402 - -12121?
13023
In base 6, what is -25 + 233155?
233130
In base 10, what is -2367 - -290?
-2077
In base 10, what is -94 + -80?
-174
In base 5, what is 4201 + 4124?
13330
In base 11, what is 875 - 448?
428
In base 4, what is -3 + 231000001?
230333332
In base 6, what is -2 - 5150135?
-5150141
In base 16, what is -7f368 - -5?
-7f363
In base 15, what is -50 - -169?
119
In base 7, what is 24640 + -1?
24636
In base 6, what is 1321 + -141?
1140
In base 14, what is -248c - -6?
-2486
In base 16, what is -f1 - 2a?
-11b
In base 15, what is 10d - -28d?
39b
In base 9, what is -88 + -1120?
-1218
In base 4, what is -103103113 + -10?
-103103123
In base 2, what is 1110100 - -11011010010001?
11011100000101
In base 15, what is 1 + -3899c?
-3899b
In base 16, what is 175c - 3?
1759
In base 13, what is 804 - -164?
968
In base 11, what is 204566 + 5?
204570
In base 6, what is 